alse
Is 380533 a prime number?
True
Is 316531 composite?
False
Is 20879 composite?
False
Is 1009 a composite number?
False
Is 68702 a prime number?
False
Is 8767 prime?
False
Is 18461 a prime number?
True
Is 1327481 composite?
False
Is 59638 composite?
True
Is 110807 a composite number?
False
Is 354911 composite?
False
Is 1024513 composite?
True
Is 344111 prime?
True
Is 50503 a composite number?
False
Is 3213685 a prime number?
False
Is 36026 a prime number?
False
Is 5729 prime?
False
Is 193033 a prime number?
False
Is 191 prime?
True
Is 139853 prime?
False
Is 1443839 prime?
True
Is 41669 a composite number?
False
Is 15223 composite?
True
Is 12053 a prime number?
False
Is 30241 a composite number?
False
Is 203719 prime?
False
Is 818267 prime?
False
Is 66167 prime?
False
Is 758 prime?
False
Is 102991 a prime number?
False
Is 82129 composite?
False
Is 218903 a composite number?
True
Is 1402293 a prime number?
False
Is 9727 composite?
True
Is 125683 a composite number?
False
Is 32639 composite?
True
Is 12895 prime?
False
Is 1212241 a composite number?
False
Is 27419 prime?
False
Is 51659 composite?
False
Is 2374243 composite?
True
Is 55127 prime?
True
Is 26879 prime?
True
Is 47 prime?
True
Is 58501 composite?
True
Is 35713 a prime number?
False
Is 12247 a composite number?
True
Is 17317 prime?
True
Is 78682 composite?
True
Is 3389 composite?
False
Is 122069 a composite number?
False
Is 1035365 prime?
False
Is 2459 prime?
True
Is 1651 composite?
True
Is 77227 a prime number?
False
Is 104087 prime?
True
Is 2963 a composite number?
False
Is 831 a composite number?
True
Is 81734 prime?
False
Is 2471 a composite number?
True
Is 88087 prime?
False
Is 141761 prime?
True
Is 2796743 a prime number?
False
Is 1713769 a composite number?
False
Is 12793 composite?
True
Is 72421 composite?
False
Is 39749 a prime number?
True
Is 99599 composite?
True
Is 854279 a prime number?
False
Is 10079 a prime number?
True
Is 9601 prime?
True
Is 11819 a prime number?
False
Is 5713 prime?
False
Is 81727 a prime number?
True
Is 1456759 composite?
False
Is 12701 a composite number?
True
Is 2811 composite?
True
Is 56065 composite?
True
Is 19187 prime?
False
Is 495993 a composite number?
True
Is 286243 composite?
False
Is 5293 prime?
False
Is 943359 composite?
True
Is 31883 prime?
True
Is 38869 composite?
True
Is 97015 a composite number?
True
Is 9337 composite?
False
Is 33287 composite?
False
Is 289711 prime?
False
Is 320171 prime?
False
Is 1077485 a prime number?
False
Is 99319 a composite number?
True
Is 2395 prime?
False
Is 9149 prime?
False
Is 20369 a prime number?
True
Is 18346 a composite number?
True
Is 108179 a composite number?
False
Is 2323 prime?
False
Is 28349 a composite number?
False
Is 1395319 prime?
True
Is 40801 composite?
False
Is 3659 a prime number?
True
Is 55741 prime?
False
Is 505181 prime?
True
Is 26327 a prime number?
False
Is 315541 composite?
True
Is 225679 a prime number?
False
Is 23007 prime?
False
Is 399653 composite?
True
Is 34421 a prime number?
True
Is 66029 a composite number?
False
Is 62077 prime?
False
Is 25247 a composite number?
False
Is 7933 composite?
False
Is 744955 prime?
False
Is 37 prime?
True
Is 1357 composite?
True
Is 21557 a composite number?
False
Is 456311 prime?
False
Is 7039 a composite number?
False
Is 27509 a composite number?
False
Is 295993 a prime number?
True
Is 7001 a prime number?
True
Is 1031 a prime number?
True
Is 262853 prime?
True
Is 1949 a composite number?
False
Is 1591769 a composite number?
True
Is 59287 a composite number?
True
Is 91331 prime?
True
Is 95809 composite?
True
Is 327059 a composite number?
False
Is 10289 a prime number?
True
Is 374541 a composite number?
True
Is 504331 composite?
True
Is 214163 prime?
True
Is 19939 composite?
True
Is 408569 prime?
False
Is 34666 a composite number?
True
Is 83381 a composite number?
True
Is 1058861 prime?
True
Is 2939 a composite number?
False
Is 1259 composite?
False
Is 7993 a composite number?
False
Is 507653 a prime number?
False
Is 2053 a prime number?
True
Is 138011 a prime number?
False
Is 11657 composite?
False
Is 1887907 prime?
False
Is 17441 a prime number?
False
Is 693951 prime?
False
Is 450677 a composite number?
False
Is 731 composite?
True
Is 274649 composite?
True
Is 520222 a prime number?
False
Is 18883 a composite number?
True
Is 17057 a composite number?
True
Is 103081 a composite number?
True
Is 44353 a composite number?
True
Is 3991 composite?
True
Is 3557 a composite number?
False
Is 52961 composite?
True
Is 1558619 a composite number?
False
Is 69145 a prime number?
False
Is 197059 prime?
True
Is 6227 a prime number?
False
Is 350087 a prime number?
True
Is 6673 a prime number?
True
Is 307 prime?
True
Is 4639139 a composite number?
False
Is 70429 composite?
False
Is 13649 prime?
True
Is 3793 a composite number?
False
Is 5223 a composite number?
True
Is 20841 prime?
False
Is 28007 composite?
True
Is 33895 prime?
False
Is 81941 a composite number?
True
Is 26057 a prime number?
False
Is 36653 composite?
False
Is 36511 prime?
False
Is 18709 prime?
False
Is 382229 a prime number?
True
Is 8182 a prime number?
False
Is 3215 composite?
True
Is 33457 prime?
True
Is 7522 composite?
True
Is 293749 composite?
False
Is 383998 prime?
False
Is 6841 a composite number?
False
Is 203843 composite?
False
Is 1375601 prime?
True
Is 697673 composite?
False
Is 254 prime?
False
Is 364759 composite?
False
Is 11113 composite?
False
Is 91181 prime?
False
Is 24943 composite?
False
Is 2927 a composite number?
False
Is 2039 composite?
False
Is 257639 a prime number?
True
Is 17539 prime?
True
Is 69442 a composite number?
True
Is 12158 a composite number?
True
Is 13841 composite?
False
Is 28403 composite?
False
Is 303971 a prime number?
False
Is 25793 a prime number?
True
Is 2395 a prime number?
False
Is 14971 composite?
True
Is 362909 composite?
True
Is 859 prime?
True
Is 20039 prime?
False
Is 380251 prime?
True
Is 402487 a composite number?
False
Is 3112007 a composite number?
False
Is 122479 a composite number?
True
Is 46963 prime?
False
Is 3271 composite?
False
Is 135887 prime?
True
Is 209 composite?
True
Is 72577 composite?
False
Is 227489 a composite number?
False
Is 9899 a composite number?
True
Is 67 a prime number?
True
Is 1087 prime?
True
Is 2068631 a prime number?
False
Is 120947 composite?
False
Is 7949 a prime number?
True
Is 19811 prime?
False
Is 101705 composite?
True
Is 1596541 composite?
False
Is 552199 a composite number?
True
Is 209917 prime?
True
Is 148949 composite?
False
Is 22247 prime?
True
Is 994751 prime?
True
Is 253 a prime number?
False
Is 2102093 composite?
True
Is 4645 composite?
True
Is 413547 a composite number?
True
Is 21403 a composite number?
True
Is 12251 prime?
True
Is 64461 composite?
True
Is 295513 a prime number?
True
Is 49783 a composite number?
False
Is 13238 a prime number?
False
Is 42101 prime?
True
Is 14951 a prime number?
True
Is 1913 composite?
False
Is 1077899 a prime number?
False
Is 33247 prime?
True
Is 101051 a composite number?
False
Is 99293 a composite number?
True
Is 10073347 a prime number?
True
Is 33791 composite?
False
Is 4230185 composite?
True
Is 273149 prime?
True
Is 1393747 a composite number?
True
Is 28369 a prime number?
False
Is 5371 prime?
False
Is 37261 a prime number?
False
Is 2579 a composite number?
False
Is 5309051 a prime number?
False
Is 227455 composite?
True
Is 107323 a composite number?
False
Is 114031 a prime number?
True
Is 20153 prime?
False
Is 3643 a prime number?
True
Is 15689 a composite number?
True
Is 203969 a prime number?
True
Is 50277 composite?
True
Is 1791641 prime?
False
Is 103171 prime?
True
Is 5039 a composite number?
False
Is 10421 prime?
False
Is 623839 a composite number?
False
Is 1059889 composite?
False
Is 5557 prime?
True
Is 2063 composite?
False
Is 141863 a prime number?
True
Is 40459 a composite number?
False
Is 22267 a prime number?
False
Is 11467 composite?
False
Is 27983 a prime number?
True
Is 131611 a prime number?
True
Is 580969 a composite number?
False
Is 134623 prime?
False
Is 57731 composite?
False
Is 8137 composite?
True
Is 2928455 prime?
False
Is 388471 composite?
False
Is 515839 a prime number?
True
Is 6029 a composite number?
False
Is 210281 prime?
False
Is 1109